{"id":6774,"date":"2021-07-20T03:49:39","date_gmt":"2021-07-20T06:49:39","guid":{"rendered":"https:\/\/museologialab.org\/?page_id=6774"},"modified":"2024-02-20T20:48:46","modified_gmt":"2024-02-20T23:48:46","slug":"eventos","status":"publish","type":"page","link":"https:\/\/museologiavirtual.tech\/?page_id=6774","title":{"rendered":"Eventos"},"content":{"rendered":"\t\t<div data-elementor-type=\"wp-page\" data-elementor-id=\"6774\" class=\"elementor elementor-6774\">\n\t\t\t\t\t\t<section class=\"elementor-section elementor-top-section elementor-element elementor-element-2f2bee5 elementor-section-boxed elementor-section-height-default elementor-section-height-default\" data-id=\"2f2bee5\" data-element_type=\"section\">\n\t\t\t\t\t\t<div class=\"elementor-container elementor-column-gap-default\">\n\t\t\t\t\t<div class=\"elementor-column elementor-col-100 elementor-top-column elementor-element elementor-element-b483d16\" data-id=\"b483d16\" data-element_type=\"column\">\n\t\t\t<div class=\"elementor-widget-wrap elementor-element-populated\">\n\t\t\t\t\t\t<div class=\"elementor-element elementor-element-cee116a elementor-widget elementor-widget-heading\" data-id=\"cee116a\" data-element_type=\"widget\" data-widget_type=\"heading.default\">\n\t\t\t\t<div class=\"elementor-widget-container\">\n\t\t\t<h2 class=\"elementor-heading-title elementor-size-default\">Confira os \u00faltimos eventos<\/h2>\t\t<\/div>\n\t\t\t\t<\/div>\n\t\t\t\t\t<\/div>\n\t\t<\/div>\n\t\t\t\t\t<\/div>\n\t\t<\/section>\n\t\t\t\t<section class=\"elementor-section elementor-top-section elementor-element elementor-element-8896e9b elementor-section-boxed elementor-section-height-default elementor-section-height-default\" data-id=\"8896e9b\" data-element_type=\"section\">\n\t\t\t\t\t\t<div class=\"elementor-container elementor-column-gap-default\">\n\t\t\t\t\t<div class=\"elementor-column elementor-col-100 elementor-top-column elementor-element elementor-element-9f54063\" data-id=\"9f54063\" data-element_type=\"column\">\n\t\t\t<div class=\"elementor-widget-wrap elementor-element-populated\">\n\t\t\t\t\t\t<div class=\"elementor-element elementor-element-8e53b62 elementor-widget elementor-widget-posts\" data-id=\"8e53b62\" data-element_type=\"widget\" data-widget_type=\"posts.cards\">\n\t\t\t\t<div class=\"elementor-widget-container\">\n\t\t\t \t\t<\/div>\n\t\t\t\t<\/div>\n\t\t\t\t<div class=\"elementor-element elementor-element-45f0ea0 elementor-widget elementor-widget-posts\" data-id=\"45f0ea0\" data-element_type=\"widget\" data-widget_type=\"posts.cards\">\n\t\t\t\t<div class=\"elementor-widget-container\">\n\t\t\t \t\t<\/div>\n\t\t\t\t<\/div>\n\t\t\t\t\t<\/div>\n\t\t<\/div>\n\t\t\t\t\t<\/div>\n\t\t<\/section>\n\t\t\t\t<section class=\"elementor-section elementor-top-section elementor-element elementor-element-dcdd65b elementor-section-boxed elementor-section-height-default elementor-section-height-default\" data-id=\"dcdd65b\" data-element_type=\"section\">\n\t\t\t\t\t\t<div class=\"elementor-container elementor-column-gap-default\">\n\t\t\t\t\t<div class=\"elementor-column elementor-col-100 elementor-top-column elementor-element elementor-element-a6ee46c\" data-id=\"a6ee46c\" data-element_type=\"column\">\n\t\t\t<div class=\"elementor-widget-wrap elementor-element-populated\">\n\t\t\t\t\t\t<div class=\"elementor-element elementor-element-9d2c0a8 elementor-tabs-view-horizontal elementor-widget elementor-widget-tabs\" data-id=\"9d2c0a8\" data-element_type=\"widget\" data-widget_type=\"tabs.default\">\n\t\t\t\t<div class=\"elementor-widget-container\">\n\t\t\t\t\t<div class=\"elementor-tabs\">\n\t\t\t<div class=\"elementor-tabs-wrapper\" role=\"tablist\" >\n\t\t\t\t\t\t\t\t\t<div id=\"elementor-tab-title-1641\" class=\"elementor-tab-title elementor-tab-desktop-title\" aria-selected=\"true\" data-tab=\"1\" role=\"tab\" tabindex=\"0\" aria-controls=\"elementor-tab-content-1641\" aria-expanded=\"false\">Palestra - O Negro no Museu ( Dra. Deborah Santos)<\/div>\n\t\t\t\t\t\t\t\t\t<div id=\"elementor-tab-title-1642\" class=\"elementor-tab-title elementor-tab-desktop-title\" aria-selected=\"false\" data-tab=\"2\" role=\"tab\" tabindex=\"-1\" aria-controls=\"elementor-tab-content-1642\" aria-expanded=\"false\">Aula- Hist\u00f3ria da Museologia ( Dr.Bruno Brulon)<\/div>\n\t\t\t\t\t\t\t<\/div>\n\t\t\t<div class=\"elementor-tabs-content-wrapper\" role=\"tablist\" aria-orientation=\"vertical\">\n\t\t\t\t\t\t\t\t\t<div class=\"elementor-tab-title elementor-tab-mobile-title\" aria-selected=\"true\" data-tab=\"1\" role=\"tab\" tabindex=\"0\" aria-controls=\"elementor-tab-content-1641\" aria-expanded=\"false\">Palestra - O Negro no Museu ( Dra. Deborah Santos)<\/div>\n\t\t\t\t\t<div id=\"elementor-tab-content-1641\" class=\"elementor-tab-content elementor-clearfix\" data-tab=\"1\" role=\"tabpanel\" aria-labelledby=\"elementor-tab-title-1641\" tabindex=\"0\" hidden=\"false\"><p><a href=\"https:\/\/www.youtube.com\/watch?v=R5Ohgf4FM_M\" target=\"_blank\" rel=\"noopener\"><img fetchpriority=\"high\" decoding=\"async\" class=\"wp-image-9398 aligncenter\" src=\"https:\/\/museologiavirtual.tech\/wp-content\/uploads\/2019\/01\/Negros-no-Museu-300x169.png\" alt=\"\" width=\"500\" height=\"281\" srcset=\"https:\/\/museologiavirtual.tech\/wp-content\/uploads\/2019\/01\/Negros-no-Museu-300x169.png 300w, https:\/\/museologiavirtual.tech\/wp-content\/uploads\/2019\/01\/Negros-no-Museu-1024x576.png 1024w, https:\/\/museologiavirtual.tech\/wp-content\/uploads\/2019\/01\/Negros-no-Museu-768x432.png 768w, https:\/\/museologiavirtual.tech\/wp-content\/uploads\/2019\/01\/Negros-no-Museu.png 1366w\" sizes=\"(max-width: 500px) 100vw, 500px\" \/><\/a><\/p><\/div>\n\t\t\t\t\t\t\t\t\t<div class=\"elementor-tab-title elementor-tab-mobile-title\" aria-selected=\"false\" data-tab=\"2\" role=\"tab\" tabindex=\"-1\" aria-controls=\"elementor-tab-content-1642\" aria-expanded=\"false\">Aula- Hist\u00f3ria da Museologia ( Dr.Bruno Brulon)<\/div>\n\t\t\t\t\t<div id=\"elementor-tab-content-1642\" class=\"elementor-tab-content elementor-clearfix\" data-tab=\"2\" role=\"tabpanel\" aria-labelledby=\"elementor-tab-title-1642\" tabindex=\"0\" hidden=\"hidden\"><p><a href=\"https:\/\/www.youtube.com\/watch?v=mt9wVf2MUj8&amp;t=406s\" target=\"_blank\" rel=\"noopener\"><img decoding=\"async\" class=\"alignnone wp-image-9385\" src=\"https:\/\/museologiavirtual.tech\/wp-content\/uploads\/2019\/01\/Aula-com-Prof.-Bruno-Brulon-300x169.png\" alt=\"\" width=\"500\" height=\"281\" srcset=\"https:\/\/museologiavirtual.tech\/wp-content\/uploads\/2019\/01\/Aula-com-Prof.-Bruno-Brulon-300x169.png 300w, https:\/\/museologiavirtual.tech\/wp-content\/uploads\/2019\/01\/Aula-com-Prof.-Bruno-Brulon-1024x576.png 1024w, https:\/\/museologiavirtual.tech\/wp-content\/uploads\/2019\/01\/Aula-com-Prof.-Bruno-Brulon-768x432.png 768w, https:\/\/museologiavirtual.tech\/wp-content\/uploads\/2019\/01\/Aula-com-Prof.-Bruno-Brulon.png 1366w\" sizes=\"(max-width: 500px) 100vw, 500px\" \/><\/a><\/p><\/div>\n\t\t\t\t\t\t\t<\/div>\n\t\t<\/div>\n\t\t\t\t<\/div>\n\t\t\t\t<\/div>\n\t\t\t\t\t<\/div>\n\t\t<\/div>\n\t\t\t\t\t<\/div>\n\t\t<\/section>\n\t\t\t\t<\/div>\n\t\t","protected":false},"excerpt":{"rendered":"<p>Confira os \u00faltimos eventos Palestra &#8211; O Negro no Museu ( Dra. Deborah Santos) Aula- Hist\u00f3ria da Museologia ( Dr.Bruno Brulon) Palestra &#8211; O Negro no Museu ( Dra. Deborah Santos) Aula- Hist\u00f3ria da Museologia ( Dr.Bruno Brulon)<\/p>\n","protected":false},"author":2,"featured_media":0,"parent":0,"menu_order":0,"comment_status":"closed","ping_status":"closed","template":"","meta":{"saved_in_kubio":false,"footnotes":""},"class_list":["post-6774","page","type-page","status-publish","hentry"],"kubio_ai_page_context":{"short_desc":"","purpose":"general"},"lang":"pt","translations":{"pt":6774},"pll_sync_post":[],"_links":{"self":[{"href":"https:\/\/museologiavirtual.tech\/index.php?rest_route=\/wp\/v2\/pages\/6774","targetHints":{"allow":["GET"]}}],"collection":[{"href":"https:\/\/museologiavirtual.tech\/index.php?rest_route=\/wp\/v2\/pages"}],"about":[{"href":"https:\/\/museologiavirtual.tech\/index.php?rest_route=\/wp\/v2\/types\/page"}],"author":[{"embeddable":true,"href":"https:\/\/museologiavirtual.tech\/index.php?rest_route=\/wp\/v2\/users\/2"}],"replies":[{"embeddable":true,"href":"https:\/\/museologiavirtual.tech\/index.php?rest_route=%2Fwp%2Fv2%2Fcomments&post=6774"}],"version-history":[{"count":64,"href":"https:\/\/museologiavirtual.tech\/index.php?rest_route=\/wp\/v2\/pages\/6774\/revisions"}],"predecessor-version":[{"id":9545,"href":"https:\/\/museologiavirtual.tech\/index.php?rest_route=\/wp\/v2\/pages\/6774\/revisions\/9545"}],"wp:attachment":[{"href":"https:\/\/museologiavirtual.tech\/index.php?rest_route=%2Fwp%2Fv2%2Fmedia&parent=6774"}],"curies":[{"name":"wp","href":"https:\/\/api.w.org\/{rel}","templated":true}]}}